- 789732. Determine r(92).
-4
Let u(m) = 363*m**2 + 336*m + 10. Determine u(-1).
37
Let c(y) = -313*y - 36199. What is c(-116)?
109
Let i(t) = -48*t**2 - 47*t - 55. Calculate i(-2).
-153
Let g(x) = -1921*x + 831789. Calculate g(433).
-4
Let t(h) = 42681*h + 128682. What is t(-3)?
639
Let c(j) = -60*j**3 + 35*j**2 + 146*j + 135. What is c(-3)?
1632
Let c(s) = -s**3 + 12*s**2 - 5535*s - 16729. Determine c(-3).
11
Let u(a) = -a**2 - 4521*a + 104494. Determine u(23).
-18
Let v(f) = 266*f - 3295. Determine v(12).
-103
Let i(j) = -20*j**2 + 1516*j - 8152. Calculate i(70).
-32
Let v(z) = -156*z**2 - 3428*z + 3429. Give v(1).
-155
Let c(f) = 29*f - 1347. Determine c(72).
741
Let h(a) = -137427*a + 824540. Determine h(6).
-22
Let y(j) = j**3 + 98*j**2 + 2461*j + 3151. Determine y(-50).
101
Let j(o) = 5*o**2 - 134*o + 1342. Determine j(12).
454
Let a(x) = 78*x + 4138. Determine a(-56).
-230
Let t(o) = o**3 - 12*o**2 - 6127*o + 49257. Determine t(8).
-15
Let c(i) = -6*i**2 - 28*i + 1190. Determine c(12).
-10
Let p(z) = -z**3 - 153*z**2 - 1008*z + 1212. Give p(-146).
-832
Let l(a) = -1119821*a - 1119802. Determine l(-1).
19
Let w(y) = -160*y**2 + 8476*y + 174. Determine w(53).
-38
Let p(d) = -14*d**2 - 61*d + 65. What is p(-7)?
-194
Let y(t) = -80*t**2 + 5514*t + 392. Calculate y(69).
-22
Let o(x) = -37*x**2 + 1933*x + 3876. Determine o(-2).
-138
Let x(n) = -5*n**3 - 17*n**2 + 67*n + 527. Determine x(-7).
940
Let z(f) = -f**3 - 505*f**2 + 52143*f - 24297. Give z(-593).
16
Let a(b) = -6*b**2 - 1268*b + 79580. Determine a(-262).
-68
Let i(f) = 217*f - 1499. Determine i(8).
237
Let s(f) = -f**2 + 19834*f - 1008934. Give s(51).
-1
Let f(u) = 20*u**2 - 1479*u - 358. Give f(74).
-284
Let j(n) = -5*n**3 - 3*n**2 + 24*n - 19. Give j(2).
-23
Let w(a) = -4266*a - 81026. Calculate w(-19).
28
Let z(d) = 2*d**2 - 524*d + 4071. Determine z(8).
7
Let d(w) = 32960*w - 98832. Determine d(3).
48
Let y(r) = -2*r**3 - 16*r**2 + 544*r - 94. Calculate y(13).
-120
Let i(q) = -1455*q + 564558. Determine i(388).
18
Let f(a) = 3*a**3 + 471*a**2 - 5008*a + 426. Determine f(-167).
92
Let q(v) = v**3 - 89*v**2 - 110*v + 777. Give q(90).
-1023
Let d(m) = 12*m**3 - 82*m**2 - 524*m - 3. Determine d(-4).
13
Let g(w) = -2486*w**2 - 9893*w - 17. What is g(-4)?
-221
Let a(m) = -m**2 - 1908*m - 862140. Give a(-1173).
15
Let d(u) = -u**3 - 49*u**2 - 5*u - 81. What is d(-49)?
164
Let c(d) = 91*d**2 + 1187*d - 444. Calculate c(-13).
-496
Let n(q) = -q**3 + 1364*q**2 + 199094*q - 933. Calculate n(-133).
-2
Let h(s) = 23879*s - 167140. Determine h(7).
13
Let c(u) = 312*u**2 + 1479*u + 4439. Give c(-3).
2810
Let v(r) = -r**3 - 43*r**2 - 73*r + 7757. Give v(-31).
-1512
Let b(x) = -10*x**2 - 1085296*x - 2170596. Calculate b(-2).
-44
Let c(k) = -119*k**2 - 10507*k + 10501. Give c(1).
-125
Let f(q) = q**2 + 3674*q - 22208. What is f(6)?
-128
Let r(d) = -d**3 - 225*d**2 + 915*d - 240. Determine r(-229).
-11
Let h(q) = -q**2 - 3325*q + 168753. Give h(50).
3
Let o(b) = 71*b + 2762. Give o(-34).
348
Let n(c) = -464*c + 708. Give n(7).
-2540
Let a(u) = u**2 + 422*u - 85671. What is a(151)?
852
Let v(h) = h**3 - 206*h**2 - 5016*h + 196. What is v(228)?
196
Let n(w) = -w**2 + 354*w - 7886. What is n(330)?
34
Let q(g) = -3209237*g - 9627707. Determine q(-3).
4
Let b(w) = -w**2 - 16200*w + 1613605. What is b(99)?
4
Let b(s) = -15491*s - 325295. Give b(-21).
16
Let y(u) = -2*u**2 + 8378*u + 1. What is y(0)?
1
Let t(b) = -b**3 + 76*b**2 - 88*b + 553. What is t(75)?
-422
Let c(x) = -6*x**2 + 674*x - 480. What is c(113)?
-932
Let l(s) = 18*s**2 + 515*s + 364. What is l(-28)?
56
Let y(o) = -4*o**3 - 3939*o**2 - 2910*o + 41327. Give y(-984).
-1
Let f(l) = -1700*l**2 - 60*l + 57. Determine f(1).
-1703
Let a(z) = -227037*z - 7492219. What is a(-33)?
2
Let k(t) = 26*t**2 - 386*t + 385. Calculate k(1).
25
Let r(o) = -5*o**2 + 3422*o - 223184. Give r(73).
-23
Let u(z) = 17805*z + 1050466. Give u(-59).
-29
Let t(m) = -m**2 - 185*m - 9000. What is t(-48)?
-2424
Let n(y) = -450*y - 14649. Give n(-48).
6951
Let k(z) = 2325013*z - 11625039. Calculate k(5).
26
Let d(n) = 59526*n**2 - 178562*n - 38. Calculate d(3).
10
Let t(v) = 2*v**3 + 14*v**2 - 74*v - 484. Give t(-9).
-142
Let i(a) = -14*a**2 - 466*a - 1523. Determine i(-29).
217
Let p(z) = -15*z**2 - 1129*z - 6763. Determine p(-6).
-529
Let u(r) = -r**2 + 244*r + 2706. Give u(-25).
-4019
Let h(g) = 90*g**3 - 14*g**2 + 40*g - 14. What is h(2)?
730
Let s(c) = 335*c + 127816. Determine s(-381).
181
Let i(q) = q**2 + 1033*q - 17944. Determine i(17).
-94
Let r(q) = -5*q**2 - 103*q + 21441. Give r(56).
-7
Let u(w) = 514*w**2 - 1457*w - 66. Determine u(2).
-924
Let a(d) = 64591*d - 193773. Give a(3).
0
Let u(o) = -o**2 + 222*o + 28877. Give u(-92).
-11
Let o(t) = -6*t**2 + 767*t + 20808. Give o(-23).
-7
Let x(o) = -188859*o - 2833009. Calculate x(-15).
-124
Let k(s) = -s**2 + 216*s - 8142. Determine k(47).
-199
Let c(k) = 6628*k - 53023. Give c(8).
1
Let k(b) = -2*b**2 + 86*b - 571. Give k(7).
-67
Let r(n) = 16483*n - 82415. Determine r(5).
0
Let v(x) = -56*x**2 + 374*x - 822. Calculate v(2).
-298
Let o(w) = -1113380*w + 3340132. What is o(3)?
-8
Let l(j) = -3324*j + 937361. Determine l(282).
-7
Let g(q) = 44*q**2 + 7550*q - 3175. Determine g(-172).
-79
Let n(m) = -5854*m**2 + 87819*m - 232. Calculate n(15).
-97
Let l(y) = 10034*y + 21151677. Give l(-2108).
5
Let z(y) = y**2 + 90*y + 1921. What is z(-37)?
-40
Let i(a) = 249*a - 7374. What is i(29)?
-153
Let a(t) = 774*t + 1741. Calculate a(-2).
193
Let u(l) = -7926*l + 23780. Give u(3).
2
Let n(t) = 2*t**3 - 26*t**2 - 3216*t - 34570. Give n(-24).
-10
Let o(j) = j**3 - 14*j**2 - 25*j + 357. Calculate o(13).
-137
Let l(z) = -z**3 - 68*z**2 + 283*z - 352. Calculate l(-72).
8
Let j(f) = f**3 + 4*f**2 - 16*f - 442. Calculate j(7).
-15
Let u(s) = -4*s**2 - 18*s + 95. Calculate u(6).
-157
Let k(q) = -q**3 - 322*q**2 - 393*q - 23104. Determine k(-321).
8
Let l(v) = -v**2 + 26355*v - 500386. Give l(19).
-2
Let x(i) = 4*i**2 - 7122*i + 14230. Calculate x(2).
2
Let q(h) = -h**3 + 37*h**2 - 116*h + 1657. Determine q(35).
47
Let s(c) = -21962*c - 65649. What is s(-3)?
237
Let n(l) = 436*l + 26119. Determine n(-56).
1703
Let g(w) = 2*w**3 - 13*w**2 - 15*w + 48. What is g(6)?
-78
Let h(x) = 2045*x + 16725. Determine h(-8).
365
Let f(r) = 15*r**2 - 10852*r - 65097. Give f(-6).
555
Let o(b) = -b**3 - 33*b**2 + 45*b - 934. Determine o(-35).
-59
Let y(u) = -2419*u - 15969. Give y(-6).
-1455
Let c(o) = -17*o**2 - 339*o - 1560. What is c(-5)?
-290
Let d(i) = 19*i**2 - 937*i + 7111. Determine d(40).
31
Let t(q) = -2190*q + 1197. What is t(2)?
-3183
Let o(q) = -4*q**3 + 5481*q**2 + 4074*q + 53449. What is o(1371)?
-20
Let z(l) = 194446*l + 777769. Give z(-4).
-15
Let d(y) = 37*y**2 - 207*y - 432. What is d(7)?
-68
Let u(z) = -63*z**2 - 1367*z - 4089. Give u(-3).
-555
Let h(s) = 576*s - 315107. What is h(547)?
-35
Let a(u) = -257628*u + 2576354. Give a(10).
74
Let p(o) = 8*o**2 - 53*o - 343. Determine p(-16).
2553
Let g(s) = 33076*s + 1686868. Determine g(-51).
-8
Let a(i) = 3*i**2 + 288*i + 2822. What is a(-10)?
242
Let f(z) = -7*z**2 - 290*z + 3681. Calculate f(-54).
-1071
Let z(c) = 47*c**2 - 3191*c - 8. Calculate z(68).
332
Let h(d) = -3960*d + 39516. What is h(10)?
-84
Let y(s) = -5793*s**2 + 196963*s - 33. What is y(34)?
1
Let p(z) = -z**3 + 951*z**2 - 35575*z + 231. Calculate p(39).
-42
Let k(z) = -1524*z**2 - 10544*z + 838. What is k(-7)?
-30
Let r(x) = 2*x**2 - 6884*x - 27540. Calculate r(-4).
28
Let z(f) = 3*f**3 + 16*f**2 + 3*f + 83. Give z(-8).
-453
Let p(z) = -z**3 - 49*z**2 - 595*z + 135. Determine p(-26).
57
Let c(f) = f**3 - 206*f**2 - 204*f - 570. What is c(207)?
51
Let k(r) = 2141*r + 139166. What is k(-65)?
1
Let x(b) = -13543*b - 3074255. What is x(-227)?
6
Let u(k) = -111*k + 3380. Calculate u(37).
-727
Let q(u) = -37*u**2 + 413*u + 353. Determine q(12).
-19
Let f(a) = -7*a**3 + 130*a**2 + 51*a + 2932. Determine f(20).
-48
Let h(x) = -5718*x - 57343. Give h(-10).
-163
Let i(s) = 7*s**3 + 89*s**2 + 14*s + 546. Calculate i(-13).
26
Let u(t) = -4*t**2 - 432*t - 5333. Give u(-13).
-393
Let f(t) = -5*t**2 + 1566*t + 214299. What is f(-103)?
-44
Let h(j) = -50134*j + 18549582. Determine h(370).
2
Let d(m) = 2503*m + 24910. What is d(-